-13.
-19
-57 - -94 - (-24 + 0 + -10)
71
Evaluate 19 + (-67 - -49) - 20.
-19
-41 - (-3 + (-146 - (-5 + -39)))
64
Evaluate 14833 + -14862 - (-122 + -2).
95
-21 + (36 - 16) + -10 + 0 - (-2 + 12)
-21
What is the value of -5 - 126 - (-2381 - -2291)?
-41
What is the value of -40 + (5 - -4) - ((-7 - -5 - -3) + 7)?
-39
Calculate 399 + -377 + (0 + 5 - 4) + -10.
13
Evaluate 132 + (29 - 151) - -63.
73
Calculate (3 - 43) + (52 - 72) + 23.
-37
Calculate -18 + (-5 - (-17 + (-1 - -12))) + 87.
70
Evaluate 19 - ((-17 - 5) + 50) - 8.
-17
Evaluate -4 - (3 - 11) - (78 - -16 - 26).
-64
Evaluate 49 - (-25 - (-74 + 38)) - 64.
-26
Calculate (-95 - -3) + 567 + -540.
-65
(152 - -7 - 78) + 21
102
Evaluate (-85 - (15 - 29)) + (-3 + -7 - -6).
-75
What is the value of -426 - -562 - (-3 + 45)?
94
What is (-5 - ((2 - (4 - -2)) + (314 - 311))) + 0?
-4
What is the value of (-2 - (-2 + 36)) + -52 + 53 + 6?
-29
Evaluate 3 + (-3 - 33) - (124 + -136).
-21
What is (0 - (75 + -2)) + (9 + 20 + -37 - -20)?
-61
1 + -2 - ((-8 + 24 - (-39 + -2)) + 12)
-70
What is the value of (14 - 8) + -4 + (148 - 111)?
39
Calculate 42 - (-39 + 6 + 16 - -44).
15
What is the value of (13 - -72 - 18) + -3 + 29?
93
Evaluate (29 + 1 - 1) + 9561 + -9575.
15
Calculate 80 + -21 + (-31 - -11) + 1.
40
What is the value of (-52 + 26 - -57) + 53 - 15?
69
Calculate -71 - 1 - (8 + 3) - -5 - (1 - 0).
-79
Evaluate 68 - (-51 + 139) - (23 - 4 - 6 - 6).
-27
(56 - (52 - 28)) + -50
-18
Calculate -4 + -33 + 70 - 17.
16
Calculate 0 + -45 - (-345 - -242).
58
(1 - 67) + (4 - (-37 - (-6 + -28)))
-59
11 + -58 + 33 + 8 - 51
-57
What is the value of -1 - 2 - -1 - (-27 - -14 - -1)?
10
(8 - -10) + 0 - (191 + -93)
-80
Evaluate (398 - 403) + (17 - -2) - 82.
-68
Calculate -71 - (29 + -68 - (-25 + -5)).
-62
(-15 + -3 - -29) + -41
-30
What is the value of -168 - (206 - 467) - (10 + (1 - 1))?
83
What is the value of -7 - (-30 + -27 + (130 - -2))?
-82
What is -53 - 3 - (0 + 19 - 16) - 5?
-64
Calculate 10 + -4 - (-20 + (9 - -10) + -2).
9
Evaluate 3 + 19 + (-3 - 46 - 42).
-69
Calculate -3 + (-178 - -186) + (-3 + -83 - -5) + 4.
-72
What is (-37 - (-13 + (26 - 36))) + -62?
-76
What is the value of -108 - (-7 + 9) - (-23 - (-38 + 16))?
-109
Evaluate 114 - (540 + -556 + (22 - (-2 + 5))).
111
What is the value of (-4 - (10 - 5)) + 11 + -3 + 0 - 9?
-10
Evaluate 15 + 9 + -37 + 24 + -58.
-47
What is the value of -9 + (37 - (18 - (75 - 32)))?
53
Evaluate 2253 + -2092 - (2 - (1 - 39)).
121
What is -23 + (12 - 2) - (6 - 24) - 1?
4
Evaluate -1 + 44 + 5 + (136 - 152).
32
Calculate (-2 - -4 - 1) + -3 - (288 + -282).
-8
What is (6 - 1 - 18 - -22) + 2 + -1 + -2?
8
What is the value of (95 - 161) + (-2 - -4) + 5 + 4?
-55
What is -58 + (13 - 73) + 136?
18
Evaluate -2 + 5 + (-43 - 24 - -62).
-2
Calculate (12 - -1) + 19 + -100 - (21 + 4).
-93
What is the value of -1 + -11 + 6 - (-31 + 14 + 11)?
0
What is 23 + (28 - 70) + -6 + -10?
-35
Evaluate -1 + 7 + (2853 - 2898).
-39
What is the value of (-61 - -39) + 10 - -62?
50
Calculate -22 + -2 + 24 + 67 + (2 - (6 + -3)).
66
Evaluate -5 + -2 + (8 - (20 + 8)).
-27
What is the value of 84 - (-36 - (-4 - 7) - -27)?
82
What is -33 - (-2 - ((2 - -5) + 71 + -70 + 2))?
-21
What is the value of -43 + (14 - 27) + 55?
-1
Evaluate -97 + (81 - (69 - 2 - 26)).
-57
Calculate 56 + (3 - -2 - (20 + 14 + -19 - 5)).
51
Calculate -7 + (-35 + (16 - -22) - (-1 + 39)).
-42
(23 - (-5 + 47)) + -1 + -1 + -5
-26
What is -34 - (19 + (-55 - 24))?
26
-44 - -55 - (6 + -17 + -3)
25
Calculate (11 - (3 - 0)) + -1 - (2 + -27 - -108).
-76
Evaluate (120 - 224 - -98) + 88.
82
-34 + (16 - 37) + 96
41
Evaluate -7 + -3 + 9 + 4 + (-9 - 3).
-9
What is (3 - 4 - (19 + -10 + -17)) + 1 + 5?
13
Evaluate ((-8 - -30) + -44 - -2) + 8.
-12
Calculate -391 + 418 + 13 + -4 + -118.
-82
Calculate -1 - (-1 - 12 - (7 + -5 - 24)).
-10
-3 + -10 - (20 - 40) - (59 + -3)
-49
Calculate -22 - (1 + -11 - (-73 + 67)) - 43.
-61
What is (52 - 71) + 85 + -109?
-43
Evaluate 0 + 0 - (11 + -7 - (7 - 12)).
-9
Calculate 1 + -50 - (-1551 + 1488).
14
What is the value of (9 - ((14 - (8 - (7 + -5))) + -6)) + 34?
41
Calculate -100 + (33 - -32 - 10).
-45
What is the value of -32 + 3 - (88 + -105) - -14?
2
144 + 1 + -92 - 182
-129
What is 2 + -17 - (-28 + 11 + 5) - -16?
13
Evaluate (-2 - -1) + (-636 - -650).
13
Calculate -293 + 198 + 98 - (121 - -1).
-119
Calculate 17 - (3 + (-7 + 15 - 5 - -6)).
5
7 + -5 - 13 - (18 + -2 + 1)
-28
Calculate -27 + (1 - -2) + (3442 - 3439).
-21
What is the value of (8 - (11 + -67)) + -20?
44
What is 44 + 50 + -16 + -69?
9
Evaluate 41 + -10 - (19 - (-8 + 33)).
37
What is -9 + (11 - 17 - (11 + 6))?
-32
What is the value of -29 + 5 + -2 + (1798 - 1699)?
73
Calculate -44 - (45 + -31 + (-14 - 10 - 6)).
-28
Evaluate 44 - 24 - 14 - (35 - 36 - (72 - -2)).
81
What is the value of 19 - (51 + -42 - 9)?
19
Evaluate (-9 - (5 + -2)) + 272 + -276.
-16
Calculate -6 + 12 + -12 + -30 + -17.
-53
(-13 - -40) + -4 - 20
3
What is the value of (19 - 1) + (-46 - -60) + 7?
39
What is (41 - 114) + 37 + 2 + -18?
-52
Evaluate 41 + -2 + 0 + (-82 - (76 + -153)).
34
Evaluate (92 - 43) + -16 + -103.
-70
Evaluate 15 + -52 + 50 + -15.
-2
What is -73 + (-6 - (-9 + (-25 - -20))) - -11?
-54
Evaluate (-103 - -136) + (1 - -30).
64
What is -1 + 6 - (65 - 18) - (206 - 199) - 1?
-50
What is the value of (-9 + 0 + (0 - -4) - 3) + -44 + 107?
55
What is the value of 15 - 14 - ((2 - -77) + (0 - 8))?
-70
Evaluate -30 + 2 - (-6 + 1 - 58).
35
What is 2 + 16 + 42 + -1 + 23 + -13 + 0?
69
What is the value of -11 - (23 + -42 - 29)?
37
(-91 - -101) + (3 - -1 - -1 - (-10 - -24))
1
Calculate (-47 + 30 - -26 - (-2 - -130)) + (15 - 17).
-121
Calculate -63 + 1 - (-7 - ((23 - (-25 - -66)) + 12)).
-61
What is -90 + (-94 - -261) - 89?
-12
What is the value of -66 - ((12 - (39 - -2)) + 27)?
-64
What is 15 + (11 + -4 + 9 - (21 + -13) - -12)?
35
-52 - 0 - (6 + 10 - (-8 + 54 + -18))
-40
What is (-18 - -16) + (6 - -5 - 5) - 43?
-39
What is the value of -67 + -2 + 2 + 24 + -73 + 62?
-54
What is the value of 69 + (78 - 10 - 78)?
59
What is the value of -4 + -24 + 31 + 1 + -5 - -47?
46
(20 + -45 - (-14 - -4)) + 15 + (-62 - 1)
-63
What is the value of 40 + -8 + (44 - 99)?
-23
What is (-5 - -65) + -2629 + 2456?
-113
Evaluate (13 + (-16 - 10) - -4 - -7) + -47 + -4.
-53
Calculate (-77 - -46) + -47 + 197.
119
What is the value of (-41 - (-2 - (1 + 2))) + (-2 - -4) + 4?
-30
What is the value of 2 - -61 - (-865 + 916)?
12
What is 1 - (-24 + (53 - 29) - -30)?
-29
What is the value of 16 + 2 + (-22 - -24 - 3)?
17
Calculate 5 + (56 - (-49 - -26 - -35)).
49
What is the value of -13 - (-92 + 3 + 2 - (48 + -36))?
86
Evaluate 44 - (2 + -10 + 0 + (2 - -3)).
47
Evaluate -5 - (-100 - -59) - (7 + -5).
34
Evaluate 30 + (146 - (29 - -78)).
69
Calculate 55 + (-90 - (-36 - -30)).
-29
Calculate -1 + -73 + -308 + 312 - -31.
-39
7 + -2 - (-12 + 0 + 68 + (-508 - -512))
-55
What is -41 - -2 - -28 - (6 + -49)?
32
What is -8 + -34 + 40 + 9 - (-1 + -2 + 26)?
-16
Calculate (14 - 4) + 192 + -218 + (-1 - -5) + 11.
-1
What is the value of 0 + 13 + 25 + (-7 - -11) + 8?
50
What is the value of -20 + 7 + 34 + (-20 - -10) - 6?
5
What is -19 + -31 + (-56 - -76)?
-30
-5 - ((-29 - -4) + 6 + -1 + -6)
21
What is the value of -22 + (37 + -92 - -28) + 21?
-28
Evaluate 27 - (-153 - (-81 + 13)).
112
What is the value of 3 - 7 - (33 - (58 + -55))?
-34
What is 30 - 26 - (-1 + 2 - 4 - -38)?
-31
Evaluate (13 - 6 - (-2 - -4) - (-199 + 199)) + 28.
33
What is 5 - -1 - (-7 - (12 - 49) - 27)?
3
What is (-34 - -1) + (-114 + 55 - -64)?
-28
What is 143 - 88 - (-7 - (-3 + 2) - 2)?
63
Calculate -16 - (17 - 2 - 72 - (0 + 10)).
51
Calculate -10 - (-13 - (87 + -146)).
-56
What is the value of -14 + (6 + (-39 - -44) - (-2 + 2 - -8))?
-11
-46 + (42 - 43 - -96)
49
Evaluate -6 - (0 + (8 - -1)) - (-53 - -43).
-5
-10 + 2 - 3 - -1 - (26 - (-12 - 13))
-61
(-39 - (21 + -7 - 51)) + 1 + -13
-14
What is the value of -36 - (-6 - 62) - 43?
-11
What is the value of ((16 - 40) + -5 + 14 - -13) + 90?
88
Evaluate (2 - -1) + -37 + (196 - 174).
-12
(-17 - -1) + -24 + (8 - (6 - 15)) + 11
-12
What is (28 - (133 + -112)) + 15?
22
-10 + 54 + -152 + 52
-56
Evaluate -5 + 0 - (-10 - (8 - ((-15 - -9) + 32))).
-13
-106 + (143 - (106 - 32))
-37
What is the value of 23 + (-11 - (4 - -24)) + 0?
-16
-3 - 4 - (-1 + -7 + (-19 - -